{"id":123,"date":"2022-09-07T11:40:10","date_gmt":"2022-09-07T11:40:10","guid":{"rendered":"https:\/\/ibp-aee.org\/dev\/?page_id=123"},"modified":"2024-04-05T22:54:10","modified_gmt":"2024-04-05T21:54:10","slug":"estudar-no-ibp","status":"publish","type":"page","link":"https:\/\/ibp-aee.org\/dev\/estudar-no-ibp\/","title":{"rendered":"Estudar no IBP"},"content":{"rendered":"<p>[et_pb_section fb_built=&#8221;1&#8243; _builder_version=&#8221;4.21.0&#8243; _module_preset=&#8221;default&#8221; locked=&#8221;off&#8221; global_colors_info=&#8221;{}&#8221;][et_pb_row column_structure=&#8221;1_2,1_2&#8243; _builder_version=&#8221;4.21.0&#8243; _module_preset=&#8221;default&#8221; custom_padding=&#8221;||0px|||&#8221; hover_enabled=&#8221;0&#8243; locked=&#8221;off&#8221; global_colors_info=&#8221;{}&#8221; link_option_url=&#8221;ibp-aee.org\/dev\/estudar-no-ibp\/#informacoes-academicas&#8221; sticky_enabled=&#8221;0&#8243;][et_pb_column type=&#8221;1_2&#8243; _builder_version=&#8221;4.16&#8243; _module_preset=&#8221;default&#8221; global_colors_info=&#8221;{}&#8221;][et_pb_text _builder_version=&#8221;4.21.0&#8243; _module_preset=&#8221;default&#8221; text_font=&#8221;Bodoni Moda|700|||||||&#8221; text_text_color=&#8221;#ac1925&#8243; text_font_size=&#8221;45px&#8221; text_line_height=&#8221;1.1em&#8221; hover_enabled=&#8221;0&#8243; global_colors_info=&#8221;{}&#8221; link_option_url=&#8221;ibp-aee.org\/dev\/estudar-no-ibp\/#vida-estudantil&#8221; sticky_enabled=&#8221;0&#8243;]<\/p>\n<p>Vida estudantil<\/p>\n<p>[\/et_pb_text][et_pb_text _builder_version=&#8221;4.16&#8243; _module_preset=&#8221;default&#8221; text_font=&#8221;Roboto|300|||||||&#8221; text_font_size=&#8221;18px&#8221; text_line_height=&#8221;1.5em&#8221; global_colors_info=&#8221;{}&#8221;]<\/p>\n<p><span>As circunst\u00e2ncias de cada aluno variam, tanto como seus motivos para estudar. Mas o IBP n\u00e3o \u00e9 uma universidade secular, mas sim uma institui\u00e7\u00e3o crist\u00e3 que visa o preparo de servos de Deus para a obra d&#8217;Ele. Uma parte disto consiste em conviver com pessoas de outras igrejas, organiza\u00e7\u00f5es e denomina\u00e7\u00f5es que aprendemos a entender e respeitar, atitudes importantes para o futuro da obra de Deus.<\/span><\/p>\n<p>[\/et_pb_text][et_pb_text _builder_version=&#8221;4.21.0&#8243; _module_preset=&#8221;default&#8221; text_font=&#8221;Bodoni Moda|700|||||||&#8221; text_text_color=&#8221;#ac1925&#8243; text_font_size=&#8221;45px&#8221; text_line_height=&#8221;1.1em&#8221; hover_enabled=&#8221;0&#8243; global_colors_info=&#8221;{}&#8221; link_option_url=&#8221;ibp-aee.org\/dev\/estudar-no-ibp\/#informacoes-academicas&#8221; sticky_enabled=&#8221;0&#8243;]<\/p>\n<p>Formatos de Estudo<\/p>\n<p>[\/et_pb_text][et_pb_text _builder_version=&#8221;4.16&#8243; _module_preset=&#8221;default&#8221; text_font=&#8221;Roboto|300|||||||&#8221; text_font_size=&#8221;18px&#8221; text_line_height=&#8221;1.5em&#8221; global_colors_info=&#8221;{}&#8221;]<\/p>\n<p>O IBP funciona de segunda a quinta, \u00e0 noite, com aulas online. Apostamos na flexibilidade com a cont\u00ednua preocupa\u00e7\u00e3o de alcan\u00e7ar um maior n\u00famero de alunos. \u00c9 poss\u00edvel estudar a tempo inteiro ou parcial.<\/p>\n<p>Um aluno pode ser interno ou externo. Sendo interno, ele usufrui das boas condi\u00e7\u00f5es de habitabilidade, de comunh\u00e3o crist\u00e3. Sendo externo, estamos localizados junto a excelentes acessos rodovi\u00e1rios, com estacionamento junto ao Instituto. A nossa biblioteca est\u00e1 dispon\u00edvel para qualquer aluno, e reune uma adequada e \u00fatil colec\u00e7\u00e3o de livros.<\/p>\n<p>[\/et_pb_text][\/et_pb_column][et_pb_column type=&#8221;1_2&#8243; _builder_version=&#8221;4.16&#8243; _module_preset=&#8221;default&#8221; background_enable_image=&#8221;off&#8221; global_colors_info=&#8221;{}&#8221;][et_pb_image src=&#8221;https:\/\/ibp-aee.org\/dev\/wp-content\/uploads\/2022\/09\/education-concept-student-studying-brainstorming-campus-concept-close-up-students-discussing-their-subject-books-textbooks-selective-focus-scaled.jpg&#8221; title_text=&#8221;Education concept. Student studying and brainstorming campus con&#8221; align=&#8221;center&#8221; _builder_version=&#8221;4.16&#8243; _module_preset=&#8221;default&#8221; custom_padding=&#8221;||55px|||&#8221; global_colors_info=&#8221;{}&#8221;][\/et_pb_image][et_pb_text _builder_version=&#8221;4.16&#8243; _module_preset=&#8221;default&#8221; text_font=&#8221;Roboto|300|||||||&#8221; text_text_color=&#8221;#AC1925&#8243; text_font_size=&#8221;15px&#8221; text_line_height=&#8221;1.5em&#8221; global_colors_info=&#8221;{}&#8221;][\/et_pb_text][\/et_pb_column][\/et_pb_row][\/et_pb_section][et_pb_section fb_built=&#8221;1&#8243; module_id=&#8221;vida-comunidade&#8221; _builder_version=&#8221;4.16&#8243; _module_preset=&#8221;default&#8221; background_color=&#8221;#D8BFBF&#8221; min_height=&#8221;820px&#8221; custom_padding=&#8221;0px|||||&#8221; locked=&#8221;off&#8221; global_colors_info=&#8221;{}&#8221;][et_pb_row _builder_version=&#8221;4.16&#8243; _module_preset=&#8221;default&#8221; global_colors_info=&#8221;{}&#8221;][et_pb_column type=&#8221;4_4&#8243; _builder_version=&#8221;4.16&#8243; _module_preset=&#8221;default&#8221; global_colors_info=&#8221;{}&#8221;][et_pb_code _builder_version=&#8221;4.16&#8243; _module_preset=&#8221;default&#8221; global_colors_info=&#8221;{}&#8221;]<pee><!-- [et_pb_line_break_holder] -->  <!-- [et_pb_line_break_holder] --><\/pee><!-- [et_pb_line_break_holder] --><\/pee><!-- [et_pb_line_break_holder] --><\/pee>[\/et_pb_code][et_pb_text _builder_version=&#8221;4.16&#8243; _module_preset=&#8221;default&#8221; text_font=&#8221;Bodoni Moda|700|||||||&#8221; text_text_color=&#8221;#ac1925&#8243; text_font_size=&#8221;45px&#8221; text_line_height=&#8221;1em&#8221; locked=&#8221;off&#8221; global_colors_info=&#8221;{}&#8221;]<\/p>\n<p>Vida em comunidade<\/p>\n<p>[\/et_pb_text][et_pb_code _builder_version=&#8221;4.16&#8243; _module_preset=&#8221;default&#8221; global_colors_info=&#8221;{}&#8221;]<pee><!-- [et_pb_line_break_holder] -->  <!-- [et_pb_line_break_holder] --><\/pee><!-- [et_pb_line_break_holder] --><\/pee><!-- [et_pb_line_break_holder] --><\/pee>[\/et_pb_code][et_pb_text _builder_version=&#8221;4.21.0&#8243; _module_preset=&#8221;default&#8221; text_font=&#8221;Roboto|300|||||||&#8221; text_text_color=&#8221;#000000&#8243; text_font_size=&#8221;18px&#8221; text_line_height=&#8221;1.5em&#8221; locked=&#8221;off&#8221; global_colors_info=&#8221;{}&#8221;]<\/p>\n<p>O aluno participa de um ambiente de mentoria e grupo pastoral que lhe d\u00e1 apoio durante o seu per\u00edodo de estudo. Estes grupos visam o trabalho em equipa, onde alunos e professores aprendem uns com os outros, sendo uma experi\u00eancia muito enriquecedora. Numa din\u00e2mica de pr\u00e1ticas com reuni\u00f5es para conv\u00edvio espiritual e social, onde o mentor proporciona tempo para conversar sobre os seus estudos e o Minist\u00e9rio Pr\u00e1tico exigido pelo IBP. S\u00e3o tamb\u00e9m abordadas e contextualizadas outras \u00e1reas de import\u00e2ncia ao aluno, sendo o objectivo fundamental almejar o crescimento espiritual de todos os intervenientes, alicer\u00e7ado na Palavra Viva de Deus.<\/p>\n<p>Os cultos, quando em oportunidades presenciais, s\u00e3o realizados na capela proporcionando um investimento na vida espiritual do indiv\u00edduo e da comunidade. S\u00e3o tamb\u00e9m planeados eventos especiais em cada semestre. O testemunho crist\u00e3o \u00e9 observado n\u00e3o somente em palavras, mas atrav\u00e9s de uma vida santa que reflete a presen\u00e7a do Senhor Jesus, em comunica\u00e7\u00e3o saud\u00e1vel com a igreja local.<\/p>\n<p>O aluno participa do Minist\u00e9rio Pr\u00e1tico e estar\u00e1 a cooperar ativamente numa igreja local, pondo em pr\u00e1tica a teoria e aprendizagem adquirida nas aulas.<\/p>\n<p>O IBP promove o seu servi\u00e7o em prol do Evangelho, atrav\u00e9s de equipas de alunos e professores que visitam igrejas, acampamentos, etc. Anualmente o IBP celebra o Dia Aberto, onde s\u00e3o convidadas todos os que nos queiram visitar com vista a conhecerem-nos melhor. Para o bem do aluno e da institui\u00e7\u00e3o, a participa\u00e7\u00e3o plena de cada aluno nestes programas \u00e9 essencial.<\/p>\n<p>[\/et_pb_text][\/et_pb_column][\/et_pb_row][\/et_pb_section][et_pb_section fb_built=&#8221;1&#8243; _builder_version=&#8221;4.16&#8243; _module_preset=&#8221;default&#8221; background_color=&#8221;#191919&#8243; min_height=&#8221;100px&#8221; height=&#8221;90px&#8221; locked=&#8221;off&#8221; global_colors_info=&#8221;{}&#8221;][et_pb_row _builder_version=&#8221;4.16&#8243; _module_preset=&#8221;default&#8221; global_colors_info=&#8221;{}&#8221;][et_pb_column type=&#8221;4_4&#8243; _builder_version=&#8221;4.16&#8243; _module_preset=&#8221;default&#8221; global_colors_info=&#8221;{}&#8221;][et_pb_text _builder_version=&#8221;4.16&#8243; _module_preset=&#8221;default&#8221; text_text_color=&#8221;#A0A0A0&#8243; text_font_size=&#8221;13px&#8221; global_colors_info=&#8221;{}&#8221;]<\/p>\n<p>cr\u00e9ditos das imagens: <span>Freepik.com<\/span><\/p>\n<p>[\/et_pb_text][\/et_pb_column][\/et_pb_row][\/et_pb_section]<\/p>\n","protected":false},"excerpt":{"rendered":"<p>Vida estudantilAs circunst\u00e2ncias de cada aluno variam, tanto como seus motivos para estudar. Mas o IBP n\u00e3o \u00e9 uma universidade secular, mas sim uma institui\u00e7\u00e3o crist\u00e3 que visa o preparo de servos de Deus para a obra d&#8217;Ele. Uma parte disto consiste em conviver com pessoas de outras igrejas, organiza\u00e7\u00f5es e denomina\u00e7\u00f5es que aprendemos a [&hellip;]<\/p>\n","protected":false},"author":1,"featured_media":0,"parent":0,"menu_order":0,"comment_status":"closed","ping_status":"closed","template":"","meta":{"_et_pb_use_builder":"on","_et_pb_old_content":"","_et_gb_content_width":"","footnotes":""},"class_list":["post-123","page","type-page","status-publish","hentry"],"_links":{"self":[{"href":"https:\/\/ibp-aee.org\/dev\/wp-json\/wp\/v2\/pages\/123","targetHints":{"allow":["GET"]}}],"collection":[{"href":"https:\/\/ibp-aee.org\/dev\/wp-json\/wp\/v2\/pages"}],"about":[{"href":"https:\/\/ibp-aee.org\/dev\/wp-json\/wp\/v2\/types\/page"}],"author":[{"embeddable":true,"href":"https:\/\/ibp-aee.org\/dev\/wp-json\/wp\/v2\/users\/1"}],"replies":[{"embeddable":true,"href":"https:\/\/ibp-aee.org\/dev\/wp-json\/wp\/v2\/comments?post=123"}],"version-history":[{"count":22,"href":"https:\/\/ibp-aee.org\/dev\/wp-json\/wp\/v2\/pages\/123\/revisions"}],"predecessor-version":[{"id":538,"href":"https:\/\/ibp-aee.org\/dev\/wp-json\/wp\/v2\/pages\/123\/revisions\/538"}],"wp:attachment":[{"href":"https:\/\/ibp-aee.org\/dev\/wp-json\/wp\/v2\/media?parent=123"}],"curies":[{"name":"wp","href":"https:\/\/api.w.org\/{rel}","templated":true}]}}