{"id":125,"date":"2022-09-07T11:40:23","date_gmt":"2022-09-07T11:40:23","guid":{"rendered":"https:\/\/ibp-aee.org\/dev\/?page_id=125"},"modified":"2023-03-08T19:20:06","modified_gmt":"2023-03-08T19:20:06","slug":"horario-e-contactos","status":"publish","type":"page","link":"https:\/\/ibp-aee.org\/dev\/horario-e-contactos\/","title":{"rendered":"Hor\u00e1rio e contactos"},"content":{"rendered":"<p>[et_pb_section fb_built=&#8221;1&#8243; _builder_version=&#8221;4.9.4&#8243; _module_preset=&#8221;default&#8221; custom_margin=&#8221;||-196px|||&#8221;][\/et_pb_section][et_pb_section fb_built=&#8221;1&#8243; _builder_version=&#8221;4.9.4&#8243; _module_preset=&#8221;default&#8221; background_color=&#8221;#ac1925&#8243; min_height=&#8221;552.5px&#8221; custom_margin=&#8221;||-3px|||&#8221; custom_padding=&#8221;143px|||||&#8221; locked=&#8221;off&#8221;][et_pb_row column_structure=&#8221;1_3,1_3,1_3&#8243; _builder_version=&#8221;4.9.4&#8243; _module_preset=&#8221;default&#8221; width=&#8221;80.6%&#8221;][et_pb_column type=&#8221;1_3&#8243; _builder_version=&#8221;4.9.4&#8243; _module_preset=&#8221;default&#8221;][et_pb_text _builder_version=&#8221;4.9.4&#8243; _module_preset=&#8221;default&#8221; text_font=&#8221;|700|||||||&#8221; text_text_color=&#8221;#FFFFFF&#8221; text_font_size=&#8221;45px&#8221;]<\/p>\n<p>Contactos<\/p>\n<p>[\/et_pb_text][et_pb_text _builder_version=&#8221;4.9.4&#8243; _module_preset=&#8221;default&#8221; text_font=&#8221;|300|||||||&#8221; text_text_color=&#8221;#FFFFFF&#8221; text_font_size=&#8221;18px&#8221;]<\/p>\n<p><strong><\/strong><\/p>\n<p><strong>TELEFONE\/FAX<\/strong><br \/>Telefone: 21 974 9047<\/p>\n<p>&nbsp;<\/p>\n<p><strong>HOR\u00c1RIO\u00a0DA SECRETARIA<\/strong><\/p>\n<ul>\n<li>2\u00aa &#8211; 5\u00aa das 14h00 \u00e0s 19h00.<\/li>\n<li>6\u00aa Fechado.<\/li>\n<\/ul>\n<p>[\/et_pb_text][\/et_pb_column][et_pb_column type=&#8221;1_3&#8243; _builder_version=&#8221;4.9.4&#8243; _module_preset=&#8221;default&#8221;][et_pb_text _builder_version=&#8221;4.9.4&#8243; _module_preset=&#8221;default&#8221; text_font=&#8221;|300|||||||&#8221; text_text_color=&#8221;#FFFFFF&#8221; text_font_size=&#8221;18px&#8221; width=&#8221;100%&#8221; custom_margin=&#8221;74px|||0px||&#8221;]<\/p>\n<p><strong>EMAIL<\/strong><\/p>\n<p>Poder\u00e1 tamb\u00e9m pedir informa\u00e7\u00f5es atrav\u00e9s do email: <strong>ibp@ibp-aee.org<\/strong><\/p>\n<p>Sector Acad\u00e9mico:\u00a0<span>academico@ibp-aee.org<\/span><\/p>\n<p>[\/et_pb_text][\/et_pb_column][et_pb_column type=&#8221;1_3&#8243; _builder_version=&#8221;4.9.4&#8243; _module_preset=&#8221;default&#8221;][et_pb_text _builder_version=&#8221;4.9.4&#8243; _module_preset=&#8221;default&#8221; text_font=&#8221;|300|||||||&#8221; text_text_color=&#8221;#FFFFFF&#8221; text_font_size=&#8221;18px&#8221; width=&#8221;79.9%&#8221; min_height=&#8221;143px&#8221; custom_margin=&#8221;67px|||35px||&#8221; custom_padding=&#8221;|||0px||&#8221;]<\/p>\n<p><strong>ENDERE\u00c7O<\/strong><\/p>\n<p>Instituto B\u00edblico Portugu\u00eas<br \/>R. Castelo Pic\u00e3o n\u00ba13<br \/>2660-144\u00a0S. Ant\u00e3o do Tojal<br \/>Portugal<\/p>\n<p>[\/et_pb_text][\/et_pb_column][\/et_pb_row][\/et_pb_section]<\/p>\n","protected":false},"excerpt":{"rendered":"<p>Contactos TELEFONE\/FAXTelefone: 21 974 9047 &nbsp; HOR\u00c1RIO\u00a0DA SECRETARIA 2\u00aa &#8211; 5\u00aa das 14h00 \u00e0s 19h00. 6\u00aa Fechado. EMAIL Poder\u00e1 tamb\u00e9m pedir informa\u00e7\u00f5es atrav\u00e9s do email: ibp@ibp-aee.org Sector Acad\u00e9mico:\u00a0academico@ibp-aee.orgENDERE\u00c7O Instituto B\u00edblico Portugu\u00easR. Castelo Pic\u00e3o n\u00ba132660-144\u00a0S. Ant\u00e3o do TojalPortugal<\/p>\n","protected":false},"author":1,"featured_media":0,"parent":0,"menu_order":0,"comment_status":"closed","ping_status":"closed","template":"","meta":{"_et_pb_use_builder":"on","_et_pb_old_content":"","_et_gb_content_width":"","footnotes":""},"class_list":["post-125","page","type-page","status-publish","hentry"],"_links":{"self":[{"href":"https:\/\/ibp-aee.org\/dev\/wp-json\/wp\/v2\/pages\/125","targetHints":{"allow":["GET"]}}],"collection":[{"href":"https:\/\/ibp-aee.org\/dev\/wp-json\/wp\/v2\/pages"}],"about":[{"href":"https:\/\/ibp-aee.org\/dev\/wp-json\/wp\/v2\/types\/page"}],"author":[{"embeddable":true,"href":"https:\/\/ibp-aee.org\/dev\/wp-json\/wp\/v2\/users\/1"}],"replies":[{"embeddable":true,"href":"https:\/\/ibp-aee.org\/dev\/wp-json\/wp\/v2\/comments?post=125"}],"version-history":[{"count":13,"href":"https:\/\/ibp-aee.org\/dev\/wp-json\/wp\/v2\/pages\/125\/revisions"}],"predecessor-version":[{"id":504,"href":"https:\/\/ibp-aee.org\/dev\/wp-json\/wp\/v2\/pages\/125\/revisions\/504"}],"wp:attachment":[{"href":"https:\/\/ibp-aee.org\/dev\/wp-json\/wp\/v2\/media?parent=125"}],"curies":[{"name":"wp","href":"https:\/\/api.w.org\/{rel}","templated":true}]}}